9750, -3*n - 2*n - 7454 = -x. Is x prime?
False
Suppose 3*c = 5*m - 1789823, -20 = -185*c + 180*c. Is m composite?
False
Let v be -447 - 3/2*(-14)/(-21). Let q = v - -901. Is q prime?
False
Let u be 0*(8/(-16) - (1 - 1)). Suppose -24*g = -u*g - 35976. Is g a prime number?
True
Is (-323060)/232*(-86)/5 prime?
False
Suppose -70*b - 1845270 = -3758820 - 3308240. Is b a prime number?
True
Let i(c) = 247*c**3 + 3*c**2 - 9*c + 15. Suppose -l = -4*l + 12. Is i(l) composite?
True
Suppose z + 0*a = -2*a - 3, 4*z - a = -12. Is (z/(-9))/((-1)/(-633)) a composite number?
False
Let g = 182186 + 19341. Is g composite?
True
Suppose 311340 = 5*h + 64765. Suppose 5*i = -2*i + h. Is i a prime number?
False
Suppose -4*i + 622595 = p, 5*p + 3*i = 1458497 + 1654376. Is p a composite number?
False
Let f(y) be the second derivative of -5*y**4/2 + 2*y**3/3 + 15*y**2/2 + 2*y. Let i be f(-5). Let w = 1624 + i. Is w a composite number?
True
Suppose 0 = -21*n + 33*n + 20304. Let q = -605 - n. Is q a composite number?
False
Let a(v) = 2*v + 16. Let w be a(-7). Let g(b) = 3*b**3 + b**2 - 2*b + 6. Let r be g(w). Is (-22)/(-55) - 3/(r/(-21646)) a prime number?
False
Let t be 33/(-27) + 1 - (-38)/9. Suppose 2*b - 1626 = -t*i, 0 = 3*i + 4*b - 1383 + 161. Let d = i + -139. Is d a composite number?
True
Is ((-2)/(-8))/(10186353/485064 - 21) composite?
True
Let a = -138089 + 201138. Is a a composite number?
True
Suppose -4*c - 2*p + 6 = 0, p = -0 + 3. Let l be c - (3 - 6 - (0 - 1)). Suppose 0*r - 2*r + 1871 = 5*i, 749 = l*i + r. Is i a prime number?
True
Let l(x) = 227*x**2 - 124*x + 1759. Is l(60) prime?
True
Let b be (2/5)/(13/1430). Let q = -36 + b. Is (-30)/(-120) + 3286/q prime?
False
Suppose 3*p + 6*p - 2553781 = -143068. Is p a composite number?
False
Suppose -3*f + 2*f - 5 = 0, -c + 3*f = -33. Let i(g) = -g**3 + 20*g**2 - 26*g - 1. Let r be i(c). Let w = -102 + r. Is w composite?
True
Suppose 0 = 19*o - 2950939 - 2425092. Is o prime?
False
Suppose -5*v = m - 48787, 0 = -m + 3*v + 67339 - 18536. Is m prime?
False
Let y be 47*(0 + 1 - 2). Let s = y + 53. Is ((-1676)/12)/(((-2)/s)/1) composite?
False
Let l(u) = -1715*u**2 - 5*u + 7. Let n be l(1). Is 39/(-6)*(-6)/(-9)*n prime?
False
Let d be -3 - 2/(-4)*(5 + 365). Suppose 2*g + d = x - 468, -5*x + 3236 = -3*g. Suppose 9*m + x = 4597. Is m a composite number?
False
Let b be 1 + (-6)/10 - (-70)/(-175). Suppose b = -4*d - d + 2*n + 33, -4*d + 32 = -3*n. Suppose -d*t + 198 = -127. Is t prime?
False
Suppose 159*b - 30*b = 59800149 - 561930. Is b prime?
False
Suppose -39*f = -87*f + 749904. Is f prime?
False
Let i(k) = -626*k + 42. Let g(c) = 313*c - 21. Let j(y) = -13*g(y) - 6*i(y). Let q be 4*((-2)/4 + (-3)/6). Is j(q) a prime number?
False
Let l be 4/(-2) + (-3)/((-3)/(-1112)). Let i = 1815 + l. Is i a prime number?
True
Let o(q) = 15660*q**2 + 41*q + 72. Let t be o(-12). Is t/360 + (0 - 1/(-6)) composite?
False
Suppose -5*q = -5*c + 166090, -3*c + q - 3*q + 99629 = 0. Suppose 6*d + 1575 = c. Is d a composite number?
False
Suppose 5 = 11*d - 6. Is -4852*(0 + (-3 - d)/16) a prime number?
True
Let b(n) = n**2 - 8*n + 5. Let x be b(7). Is (524932/(-24))/(-19) - x/(-12) prime?
True
Is 8/(-188) - 3956/376*-7710 a composite number?
False
Is (-1)/(11/(-215765)) + 16 composite?
True
Let q = -67027 - -109386. Is q composite?
False
Let g(d) = -3*d + 70. Let o be g(19). Is o*(97 - (3 - 7)) composite?
True
Let t(r) = 6*r + 4. Let u be t(0). Suppose 4*o + 6*f = 10*f + 20, -u*o - 3*f - 1 = 0. Suppose 4*q = -o*q + 1194. Is q a prime number?
True
Suppose 40*g = 11*g + 3915. Let v = 1572 - g. Is v composite?
True
Let o = 2299 + 5209. Suppose -i + o = -3830. Is i prime?
False
Suppose 5*q = 261 - 261. Suppose 5*c + q*c - 3*f = 9094, -3 = f. Is c composite?
True
Suppose -70 = -112*k + 102*k. Suppose -k*n + 72163 - 11018 = 0. Is n a prime number?
False
Suppose -970635 = -9*b + 1172634. Is b prime?
True
Let o(z) = 2315*z**2 - 18*z - 46. Is o(-9) composite?
False
Suppose 3*i - 5147 = 3031. Suppose 0 = y + 2, i = 2*o - y - y. Is o prime?
True
Let y(u) = 7658*u - 3083. Is y(65) a prime number?
True
Let i = -15 - -17. Let t be i/3*-15*-1. Is (1515/t + 0)*2 a composite number?
True
Suppose 0 = -2*v + 3*v - 53*v. Suppose v = -5*p + 9420 + 21815. Is p composite?
False
Suppose -1533*s - 16945 = -3*g - 1537*s, -16903 = -3*g + 2*s. Is g a prime number?
True
Suppose 0 = -4*g - 5*t + 1564929, 0*g - 6*t = 5*g - 1956161. Is g composite?
False
Let a(f) = f**3 + 13*f**2 - 8*f - 104. Let m be a(-13). Suppose m*q - 4*q = -43612. Is q prime?
True
Let c = 89 - 120. Let n(j) = 5*j**2 + 7*j - 77. Is n(c) composite?
True
Let i(k) = 80*k**2 + 2*k - 47. Is i(-11) a prime number?
False
Suppose -8*t = -5*t - 2*u + 286, -5*t + 4*u - 476 = 0. Is (8/3)/2 - 1984288/t a prime number?
False
Suppose 120 = 5*d + 3*o, -2*o = 3*d + 2*o - 72. Suppose 0 = 5*m - 3*x + d, 2*m + 6*x + 20 = 2*x. Is (106/m)/(170/(-165) - -1) a prime number?
False
Let i be ((-1 + 1)/5)/2. Suppose 5*s - 3*c = c + 2744, -3*c + 12 = i. Let x = 806 - s. Is x composite?
True
Suppose 3*j - 66594 = 102225. Is j a prime number?
False
Let m = -301747 - -437004. Is m composite?
False
Suppose 46 = 21*t - 20*t. Suppose 39*k - t*k = -4739. Is k a composite number?
False
Let m(u) = -u**3 + 16*u**2 + 48*u - 25. Let l be m(19). Let j = l - -231. Is j a prime number?
False
Suppose 4*x - x = 2*q - 317, -3*x = -4*q + 631. Suppose q*s - 167*s + 850 = 0. Is s prime?
False
Let b(s) = -s**3 + 18*s**2 - 16*s - 5. Let k be b(12). Suppose n - 2*a + 194 = -15, 0 = -3*n - 4*a - k. Let q = n - -548. Is q prime?
True
Is 14140047/77 - (-480)/18480 prime?
True
Let o = 71 - 68. Let v(s) = -s**3 - 8*s**2 - 10*s - 15. Let m be v(-7). Suppose m*w - 2931 = o*w. Is w a composite number?
False
Suppose 0 = -4*q - c + 352, -2*q + q = -c - 93. Let h = q - 87. Suppose 866 = h*b - 812. Is b prime?
True
Let i = 35499 - -1672. Is i a composite number?
False
Let q(l) = -8 + 15*l**2 + 4*l**2 + 0*l**2. Let w = 1375 + -1362. Is q(w) prime?
True
Let p be (8/70)/((-12)/(-30))*7. Suppose p = -w + 5. Suppose 2*o = w*o - 5, 2*o + 3634 = 4*t. Is t composite?
False
Is (3 + 0)/((-99)/(-587631)) composite?
False
Let s(l) = l**2 + 2*l - 5. Let w be s(11). Suppose -w*j + 24207 = -135*j. Is j prime?
True
Let u(x) = -x**3 - 2*x**2 + 4*x. Let c(s) = -3*s**3 - 7*s**2 + 13*s + 1. Let i(a) = 2*c(a) - 7*u(a). Is i(7) a prime number?
True
Is -1*(-488)/(-6)*1388298/(-344) a prime number?
False
Suppose 4*p - 5*i = 512272, 2*p + 2*p - 512248 = -i. Is p a prime number?
False
Suppose -k = 3*w - 2*k - 5, -5*w - 2*k + 23 = 0. Suppose -2 = 2*d - 6. Suppose d*l + 26 = w*h, -2*l - 19 - 27 = -5*h. Is h a composite number?
True
Let r(g) = -g + 1. Let k be r(-2). Suppose -2*c + 8 = k*a - c, 4*c = 3*a + 2. Suppose 2*b - 3466 = -4*f, -862 = -a*f + f + b. Is f a prime number?
False
Let s be 12/4 + (20 + -2)/2. Let l be ((-9772)/(-12))/7*s. Suppose 5*v - l - 3879 = 0. Is v composite?
True
Suppose -209154 = 38*k - 6105652. Is k prime?
True
Suppose 26*j - 100 = 4. Suppose 3*y + 99620 = j*n, -4*n - y + 152088 - 52484 = 0. Is n composite?
True
Let q(y) = -y + 1. Let p(x) = -12*x - 20. Let k(w) = -p(w) - q(w). Let j be k(-6). Let r = 313 + j. Is r prime?
False
Suppose 0*r - 3*o = r - 85, -12 = 3*o. Let h = -42 + r. Is h a prime number?
False
Suppose 37 = -3*f + 40, -3*k = 5*f - 130835. Suppose 7*d - k = -13755. Is d prime?
False
Let z = 81 - 56. Suppose z*s - 126230 = -s. Is s a prime number?
False
Let l(k) = -k**3 + 2*k - 1. Let x be l(2). Is 9 + 3826*(-55)/x a composite number?
True
Let u(j) = 43*j**2 - 50*j - 340. Is u(-15) composite?
True
Let g(a) = a**3 - 12*a**2 - 15*a + 10. Let w be g(13). Let q be (-5)/(-10)*(-2 + w). Let h(y) = 15*y**2 - 8*y - 32. Is h(q) prime?
False
Let v(d) = 968*d**3 - 931*d**3 + 44*d - 13 - 11*d + 14*d**2. Is v(10) a prime number?
False
Suppose -8688266 = -81*v - 2110350 + 2549731. Is v a composite number?
False
Is (4785/4 + -3)/((-18)/(-192)) + 3 a composite number?
True
Is 424578 + 4 + -2 + 7 a prime number?
False
Let c = -29383 + 62580. Is c a prime number?
False
Let q(m) = m - 13. Let c be q(7). Let n be 2*(-24)/8*5444/c. Is n/8*(1 + 1) composite?
False
Suppose -3*o = -4*c - 77223, -2*o - 4*c + 27194 = -24248. Is o composite?
False
Suppose f = -3, -m + 3*m - 1